
False
Does 385 divide 148694796?
False
Is 65321240 a multiple of 4?
True
Is 1346946307 a multiple of 42?
False
Is 1927277449 a multiple of 24?
False
Is 133 a factor of 233963634?
False
Is 73497092 a multiple of 779?
True
Does 57 divide 63410448?
True
Does 490 divide 224182030?
False
Is 2742 a factor of 5375884?
False
Does 17 divide 27904320?
False
Is 33832200 a multiple of 24?
True
Is 103119786 a multiple of 2961?
True
Is 94235458 a multiple of 71?
False
Does 261 divide 148687263?
True
Is 73019327 a multiple of 11?
False
Is 181621651 a multiple of 103?
True
Is 94 a factor of 7828358?
False
Does 279 divide 68980751?
False
Is 291 a factor of 151094966?
False
Is 136 a factor of 56363160?
True
Is 59811796 a multiple of 532?
False
Is 15 a factor of 87383850?
True
Is 28 a factor of 274704808?
True
Is 660 a factor of 19008000?
True
Does 9 divide 188930333?
False
Is 309 a factor of 11295495?
True
Is 28 a factor of 126034412?
True
Does 41 divide 809893423?
False
Is 204 a factor of 32641224?
True
Is 417451960 a multiple of 365?
True
Does 784 divide 866534006?
False
Is 18 a factor of 6065505?
False
Is 9 a factor of 82963323?
True
Is 214 a factor of 56984776?
True
Is 17134785 a multiple of 1065?
True
Is 228 a factor of 234635253?
False
Does 14 divide 1159065138?
True
Does 28 divide 1216545?
False
Is 66819269 a multiple of 211?
True
Is 259677470 a multiple of 962?
True
Is 962053760 a multiple of 64?
True
Is 173937024 a multiple of 1152?
True
Is 21 a factor of 1918330365?
True
Does 12 divide 2650936911?
False
Does 1896 divide 75970333?
False
Is 18900464 a multiple of 200?
False
Is 75481200 a multiple of 108?
True
Is 1385 a factor of 114664960?
False
Does 22 divide 275155364?
True
Does 8 divide 111297288?
True
Is 54318591 a multiple of 835?
False
Is 25742949 a multiple of 14?
False
Is 1522062398 a multiple of 428?
False
Is 992146948 a multiple of 52?
True
Is 7 a factor of 275465654?
False
Does 1057 divide 6009355?
False
Is 215 a factor of 7388045?
True
Is 312275807 a multiple of 2707?
False
Is 215641308 a multiple of 53?
False
Does 1078 divide 20438880?
True
Does 1195 divide 172743224?
False
Is 334376290 a multiple of 415?
True
Is 78 a factor of 17569654?
False
Is 14 a factor of 592763177?
False
Is 67 a factor of 70585446?
False
Is 233448998 a multiple of 699?
False
Is 232461006 a multiple of 52?
False
Is 285 a factor of 47583315?
True
Does 53 divide 58074933?
False
Is 21 a factor of 105313929?
True
Is 4 a factor of 6989316?
True
Is 2028349015 a multiple of 7637?
True
Does 4 divide 4139459?
False
Is 2191756 a multiple of 4?
True
Does 404 divide 178828902?
False
Does 5788 divide 193636829?
False
Does 197 divide 26430640?
False
Is 937263974 even?
True
Is 3159780180 a multiple of 10730?
False
Is 32920173 a multiple of 63?
False
Is 4151926351 a multiple of 151?
True
Does 39 divide 607887657?
True
Does 131 divide 204251532?
True
Is 3152 a factor of 122638867?
False
Is 83 a factor of 44225803?
True
Is 52 a factor of 10124192?
True
Is 373377480 a multiple of 82?
False
Is 24221610 a multiple of 35?
True
Does 1854 divide 3245193255?
False
Does 433 divide 11404286?
False
Does 8 divide 62856215?
False
Is 171242240 a multiple of 104?
True
Does 1101 divide 51156864?
True
Does 31 divide 3935315801?
True
Is 1022438 a multiple of 94?
True
Does 43 divide 44087258?
False
Is 169 a factor of 172733571?
False
Is 903525308 a multiple of 67?
False
Is 31864823 a multiple of 1005?
False
Is 228707304 a multiple of 2?
True
Is 3326 a factor of 67361478?
True
Does 5 divide 1741299?
False
Is 1878 a factor of 1065577359?
False
Is 10 a factor of 201778270?
True
Does 32 divide 41692896?
True
Does 9 divide 20120319?
True
Does 13 divide 368051522?
False
Does 208 divide 454426960?
True
Does 53 divide 42791866?
False
Does 564 divide 406227903?
False
Does 146 divide 179125200?
False
Is 701 a factor of 193940763?
True
Is 224 a factor of 12889184?
True
Is 14100592 a multiple of 27?
False
Does 290 divide 1247141983?
False
Does 390 divide 306171450?
True
Is 198653265 a multiple of 95?
True
Is 449 a factor of 5121743?
True
Is 168 a factor of 70931644?
False
Does 26 divide 826820406?
False
Does 6031 divide 2048386933?
True
Is 9 a factor of 99788750?
False
Is 1440 a factor of 34646400?
True
Does 140 divide 30571424?
False
Is 32606614 a multiple of 75?
False
Is 79644555 a multiple of 2?
False
Is 36937647 a multiple of 738?
False
Is 3 a factor of 42299496?
True
Is 2001 a factor of 404029914?
True
Is 17 a factor of 816526932?
True
Is 204533249 a multiple of 9?
False
Does 174 divide 418456219?
False
Is 2209 a factor of 2226038011?
False
Is 3051114 a multiple of 249?
False
Does 29 divide 1892902217?
False
Is 45758930 a multiple of 1522?
True
Does 23 divide 468681430?
False
Does 11 divide 38932608?
True
Is 19116972 a multiple of 756?
True
Is 26831180 a multiple of 55?
False
Does 54 divide 260318664?
True
Does 2099 divide 447702007?
True
Does 12 divide 3957007912?
False
Does 7 divide 5093963?
True
Is 914 a factor of 794552082?
True
Does 41 divide 38482409?
False
Is 514 a factor of 660432432?
True
Is 117243311 a multiple of 4?
False
Does 6 divide 122322342?
True
Is 25885228 a multiple of 55?
False
Does 878 divide 326074398?
False
Is 62 a factor of 17001764?
True
Is 15 a factor of 7613115?
True
Is 9 a factor of 3791011?
False
Does 1418 divide 4819292547?
False
Is 56 a factor of 106806369?
False
Does 301 divide 179926019?
False
Does 614 divide 441402144?
True
Is 3776338 a multiple of 943?
False
Does 264 divide 1634318136?
True
Does 543 divide 183088625?
False
Does 79 divide 6676922?
True
Does 2457 divide 11223576?
True
Is 14 a factor of 959920640?
True
Does 2036 divide 490234188?
True
Is 45 a factor of 495408735?
True
Is 126632368 a multiple of 16?
True
Is 1657 a factor of 64624657?
True
Does 118 divide 114442726?
False
Is 515 a factor of 1102302910?
True
Is 612 a factor of 7282780?
False
Is 89576352 a multiple of 138?
True
Is 24015204 a multiple of 237?
False
Is 36 a factor of 370872504?
True
Is 15989440 a multiple of 320?
True
Is 14 a factor of 28318942?
False
Is 710044208 a multiple of 37?
True
Is 6 a factor of 21225258?
True
Does 13 divide 104528151?
True
Does 156 divide 171805608?
True
Does 22 divide 2474406?
True
Is 177 a factor of 267055314?
False
Does 44 divide 4439423?
False
Is 17105296 a multiple of 2?
True
Does 201 divide 25031535?
True
Is 31036897 a multiple of 582?
False
Does 2832 divide 31223342?
False
Does 7 divide 234909081?
False
Does 52 divide 954253018?
False
Does 184 divide 8807344?
True
Does 431 divide 10907673?
False
Does 152 divide 71839152?
True
Is 54399907 a multiple of 897?
False
Is 5 a factor of 66659550?
True
Is 4 a factor of 8652788?
True
Is 191312391 a multiple of 109?
False
Does 14 divide 498037680?
True
Is 181414972 a multiple of 212?
True
Is 54388750 a multiple of 16?
False
Does 236 divide 868768156?
True
Does 4 divide 1917536684?
True
Is 222000063 a multiple of 211?
True
Does 70 divide 35860300?
True
Does 1282 divide 175982483?
False
Is 19054341 a multiple of 4?
False
Is 11468501 a multiple of 135?
False
Is 144 a factor of 83599776?
True
Is 2077 a factor of 396034052?
True
Does 1440 divide 5303338533?
False
Does 13 divide 39031110?
False
Is 8121 a factor of 1425030030?
False
Is 225343469 a multiple of 2428?
False
Is 2344 a factor of 377992899?
False
Does 1811 divide 637663966?
True
Is 11 a factor of 15215178?
True
Does 559 divide 178690499?
True
Is 815386539 a multiple of 491?
False
Is 1766 a factor of 531961261?
False
Is 322353680 a multiple of 22?
True
Is 30376350 a multiple of 450?
True
Is 2944652178 a multiple of 47?
True
Does 255 divide 19964205?
True
Is 770479140 a multiple of 2060?
True
Is 17218024 a multiple of 337?
False
Does 2 divide 18078147?
False
Is 192666864 a multiple of 686?
False
Does 4684 divide 175144128?
True
Is 21920500 a multiple of 13?
False
Does 775 divide 114825550?
True
Is 1012786487 a multiple of 1109?
True
Is 11394 a factor of 1343092638?
False
Does 207 divide 789910758?
True
Is 32943657 a multiple of 40?
False
Does 35 divide 5012906?
False
Is 10 a factor of 21141886?
False
Is 713305536 a multiple of 3813?
True
Is 115178316 a multiple of 23?
False
Is 66 a factor of 98613042?
True
Is 184656731 a multiple of 417?
False
Does 3572 divide 1939188997?